 divide 3532292?
False
Is 11 a factor of 98054?
True
Is 13 a factor of 1832714?
True
Does 16 divide 3204320?
True
Is 688055 a multiple of 58?
False
Does 413 divide 1549524?
False
Is 596263 a multiple of 41?
True
Is 2132534 a multiple of 374?
False
Is 711 a factor of 30288600?
True
Is 872 a factor of 2922944?
True
Does 14 divide 1432193?
False
Is 195 a factor of 593580?
True
Is 27 a factor of 575046?
True
Is 29 a factor of 3646876?
False
Is 41 a factor of 20856618?
True
Does 73 divide 964323?
False
Is 494965 a multiple of 417?
False
Is 294690 a multiple of 165?
True
Is 970623 a multiple of 682?
False
Is 5975762 a multiple of 44?
False
Is 11262303 a multiple of 9?
True
Is 1769743 a multiple of 233?
False
Is 46 a factor of 162288?
True
Is 42 a factor of 284844?
True
Is 187 a factor of 158742?
False
Does 128 divide 117120?
True
Is 3571848 a multiple of 504?
True
Is 4 a factor of 92864?
True
Is 393 a factor of 528876?
False
Is 6505134 a multiple of 7?
False
Is 2319084 a multiple of 27?
True
Does 325 divide 936650?
True
Is 102751 a multiple of 21?
False
Is 173 a factor of 953692?
False
Does 5 divide 41250?
True
Is 36 a factor of 4109328?
True
Is 81862 a multiple of 122?
True
Is 1129020 a multiple of 124?
True
Does 126 divide 154476?
True
Does 1121 divide 17109027?
False
Does 241 divide 53593?
False
Is 13696661 a multiple of 455?
False
Is 1328720 a multiple of 82?
False
Is 16 a factor of 3286672?
True
Is 488615 a multiple of 395?
True
Is 32667 a multiple of 38?
False
Is 11 a factor of 816772?
True
Is 246674 a multiple of 16?
False
Is 325944 a multiple of 9?
True
Is 5786096 a multiple of 75?
False
Is 15 a factor of 3471796?
False
Does 12 divide 35532?
True
Does 354 divide 52038?
True
Is 687095 a multiple of 71?
False
Is 20 a factor of 540420?
True
Is 2125430 even?
True
Is 163 a factor of 674902?
False
Is 34 a factor of 1181602?
True
Is 348084 a multiple of 53?
False
Is 195726 a multiple of 13?
False
Is 1060 a factor of 142501?
False
Does 45 divide 40095?
True
Is 4050977 a multiple of 22?
False
Is 13998 a multiple of 2?
True
Is 155 a factor of 162237?
False
Is 141 a factor of 109698?
True
Does 41 divide 545083?
False
Is 3595950 a multiple of 262?
True
Is 4487120 a multiple of 40?
True
Is 2750865 a multiple of 1578?
False
Is 39 a factor of 507?
True
Is 76 a factor of 17394576?
True
Is 3 a factor of 205078?
False
Is 23653 a multiple of 109?
True
Is 142 a factor of 324547?
False
Is 307853 a multiple of 39?
False
Is 818385 a multiple of 11?
False
Does 514 divide 596240?
True
Does 6 divide 130667?
False
Is 1934530 a multiple of 15?
False
Does 302 divide 126840?
True
Is 35 a factor of 15728?
False
Does 23 divide 138184?
True
Does 16 divide 749008?
True
Does 43 divide 2852534?
True
Is 14954404 a multiple of 736?
False
Is 13 a factor of 233207?
True
Is 78 a factor of 175714?
False
Does 15 divide 282243?
False
Is 397 a factor of 525231?
True
Is 244 a factor of 6651440?
True
Does 12 divide 16305?
False
Does 53 divide 43354?
True
Is 281876 even?
True
Is 24 a factor of 7814976?
True
Does 15 divide 146810?
False
Does 213 divide 187014?
True
Does 69 divide 14497866?
True
Does 153 divide 223312?
False
Is 19 a factor of 127614?
False
Does 7 divide 34096?
False
Is 3 a factor of 174075?
True
Is 16151876 a multiple of 89?
False
Does 18 divide 103140?
True
Is 31302 a multiple of 11?
False
Is 138585 a multiple of 17?
False
Is 41 a factor of 33718?
False
Is 139 a factor of 599785?
True
Does 34 divide 475796?
True
Is 207050 a multiple of 101?
True
Does 33 divide 2032734?
True
Is 6625 a multiple of 25?
True
Is 11 a factor of 454157?
True
Is 22504 a multiple of 232?
True
Is 36 a factor of 3292416?
True
Is 77 a factor of 19697139?
True
Is 254968 a multiple of 8?
True
Is 1839264 a multiple of 14?
True
Is 14139781 a multiple of 45?
False
Is 105 a factor of 481425?
True
Is 15099922 a multiple of 40?
False
Is 51229 a multiple of 266?
False
Is 10248 a multiple of 14?
True
Is 19 a factor of 779608?
True
Is 7857849 a multiple of 10?
False
Is 184168 a multiple of 2?
True
Is 8 a factor of 207064?
True
Is 20881 a multiple of 7?
True
Does 29 divide 2132020?
False
Is 164 a factor of 41061?
False
Is 21725 a multiple of 47?
False
Does 698 divide 4254353?
False
Is 1582472 a multiple of 152?
True
Does 137 divide 917626?
True
Does 108 divide 89208?
True
Is 79439 a multiple of 17?
False
Is 67 a factor of 231854?
False
Does 8 divide 247416?
True
Is 27472 a multiple of 202?
True
Does 202 divide 1053222?
False
Does 439 divide 1988231?
True
Is 690 a factor of 690?
True
Is 20078 a multiple of 2?
True
Does 6 divide 930075?
False
Is 581 a factor of 611212?
True
Is 225422 a multiple of 62?
False
Is 6322280 a multiple of 716?
True
Is 10 a factor of 697110?
True
Does 103 divide 414135?
False
Is 6 a factor of 86305?
False
Is 51716 a multiple of 44?
False
Does 4 divide 413088?
True
Does 231 divide 905810?
False
Is 634920 a multiple of 370?
True
Is 2972840 a multiple of 65?
True
Does 65 divide 1658027?
False
Is 41 a factor of 328861?
True
Is 32 a factor of 93718?
False
Is 59 a factor of 2866515?
True
Does 21 divide 587213?
False
Does 20 divide 448900?
True
Is 1142709 a multiple of 38?
False
Does 2 divide 5736114?
True
Does 65 divide 2996789?
False
Does 29 divide 109997?
True
Does 162 divide 465628?
False
Does 12 divide 2045544?
True
Does 20 divide 3130640?
True
Is 3 a factor of 1028199?
True
Is 266766 a multiple of 173?
True
Is 81 a factor of 16054?
False
Does 4 divide 529572?
True
Is 363855 a multiple of 955?
True
Is 111 a factor of 3634109?
False
Is 12 a factor of 108156?
True
Is 27 a factor of 14850?
True
Does 56 divide 1735228?
False
Is 40 a factor of 3774336?
False
Is 15816852 a multiple of 36?
True
Is 972898 a multiple of 12?
False
Is 575 a factor of 5393500?
True
Does 27 divide 461214?
True
Is 10 a factor of 146330?
True
Is 378599 a multiple of 147?
False
Is 773 a factor of 466440?
False
Is 282 a factor of 28623?
False
Is 795982 a multiple of 142?
False
Does 112 divide 110880?
True
Is 1442895 a multiple of 15?
True
Is 512958 a multiple of 34?
True
Is 695952 a multiple of 36?
True
Is 610 a factor of 18137740?
True
Is 150 a factor of 126504?
False
Is 149067 a multiple of 9?
True
Is 7 a factor of 127308?
False
Does 126 divide 247091?
False
Is 145 a factor of 1236245?
False
Is 13040742 a multiple of 78?
True
Is 180 a factor of 3045780?
True
Is 19 a factor of 18589087?
True
Is 27732 a multiple of 4?
True
Is 208 a factor of 1343133?
False
Is 436209 a multiple of 563?
False
Is 146117 a multiple of 28?
False
Is 5243667 a multiple of 429?
True
Is 2 a factor of 29125?
False
Is 62865 a multiple of 4?
False
Is 21 a factor of 429723?
True
Is 14 a factor of 1670914?
True
Is 2006778 a multiple of 14?
False
Is 4 a factor of 85218?
False
Does 200 divide 379254?
False
Is 2130525 a multiple of 25?
True
Does 142 divide 3533102?
True
Is 1300 a factor of 6339830?
False
Is 221613 a multiple of 255?
False
Does 3 divide 118332?
True
Is 38 a factor of 128021?
False
Is 77355 a multiple of 173?
False
Does 342 divide 1557225?
False
Does 20 divide 42260?
True
Is 204 a factor of 2040807?
False
Is 584 a factor of 5256?
True
Is 72970 a multiple of 20?
False
Is 3 a factor of 943233?
True
Does 11 divide 4331624?
True
Is 140 a factor of 29960?
True
Is 471 a factor of 253604?
False
Is 65 a factor of 16062?
False
Is 36 a factor of 1400220?
True
Is 677 a factor of 704080?
True
Does 553 divide 15375612?
True
Is 997 a factor of 7519868?
False
Does 1595 divide 14088635?
True
Is 1123136 a multiple of 31?
False
Is 35 a factor of 220962?
False
Does 94 divide 120696?
True
Does 24 divide 1222272?
True
Is 4279084 a multiple of 482?
False
Does 60 divide 23820?
True
Is 9360846 a multiple of 309?
True
Does 277 divide 189191?
True
Does 132 divide 4035149?
False
Is 41 a factor of 16277?
True
Does 13 divide 28970?
False
Is 149 a factor of 1718268?
True
Is 232332 a multiple of 308?
False
Does 124 divide 662891?
False
Is 8 a factor of 361356?
False
Does 182 divide 1419074?
False
Is 7 a factor of 871990?
True
Is 1713 a factor of 6732090?
True
Does 8 divide 2016136?
True
Is 91 a factor of 441896?
True
Is 438289 a multiple of 109?
True
Is 187 a factor of 1005146?
False
Is 1727 a factor of 565422?
False
Is 344 a factor of 7247824?
False
Does 49 divide 357